 Suppose -61*g + 69*g - 16 = 0. Calculate w(g).
-6
Let l(h) = h**3 + 3*h**2 - 5*h + 9. Let v(t) = -t**3 - 3*t**2 + 7*t - 8. Let q(y) = -6*l(y) - 5*v(y). Calculate q(-4).
22
Let n(s) = -s**2 - 10*s + 14. Let p = -10 - -18. Suppose -a + 3*h - 5*h = p, -4*a = -3*h + 54. What is n(a)?
-10
Suppose 390 = -57*o + 18*o. Let u(w) = w + 20. Calculate u(o).
10
Let r(u) = 119 + 2*u**2 - 6*u - 3*u**2 - 116. Suppose -c = 3*c - 8. Suppose -26 = 5*l + g, 2*l = -c*g - 3*g + 8. Determine r(l).
3
Let o(i) = 19*i**2 - 14*i + 3. Let j(d) = -16*d**2 + 12*d - 4. Let y(x) = -6*j(x) - 5*o(x). Give y(4).
17
Let d = 50 - -16. Let j(p) = 21*p + 3 - d*p + 22*p + 21*p. What is j(-3)?
9
Suppose -308*t - 270*t + 527*t = 0. Let j(k) = 2*k + 37. Let n(d) = -d - 19. Let o(q) = -6*j(q) - 11*n(q). Determine o(t).
-13
Let z(t) = 2*t + 3 - t - 2*t. Let h be 4 + (-10)/6*54/(-45). Suppose 29*j - 26*j - 12 = x, j - h = x. Give z(j).
0
Let i(x) = x + 1. Let t(h) = 4*h - 4. Let o be t(5). Suppose o = 4*f - 8. Suppose -f*c + 10*c + 8 = 0. Give i(c).
-1
Let p be 9/6 - (-58)/4. Let t = -15 + p. Let x(l) be the third derivative of 13*l**5/60 - l**4/24 + l**3/6 + 5*l**2 - 2. Calculate x(t).
13
Let s(n) be the first derivative of 8*n**3/3 + 7*n**2/2 - 11*n - 2454. Give s(2).
35
Let u = 2898 + -2895. Let n(r) be the first derivative of -1/4*r**4 + 0*r - 1/3*r**u + 3/2*r**2 + 13. Give n(-3).
9
Let j(s) be the first derivative of 7*s**3/6 - 21*s**2/2 - 152*s - 325. Let u(h) be the first derivative of j(h). Determine u(4).
7
Suppose q - 3 = 0, 3*q + 17 - 10 = 4*b. Let f(d) = -d**3 + 13*d + 12. Give f(b).
0
Let u(k) = 2*k**2 - 11*k - 44. Let o(w) = -3*w**2 + 17*w + 53. Let p(q) = -3*o(q) - 4*u(q). What is p(2)?
7
Let h = 4058 + -2795. Suppose 55 = -1274*y + h*y. Let x(b) = b**3 + 6*b**2 + 4*b. Give x(y).
5
Let y(c) = c**2 - 6*c - 3. Let d(u) be the first derivative of -5*u**3/3 + 25*u**2/2 + 11*u + 57. Let f(h) = -2*d(h) - 9*y(h). Give f(-4).
5
Suppose 0 = a + 4*a - 2*u - 845, 5*a + u = 845. Let f = 160 - a. Let c(d) = -d - 14. What is c(f)?
-5
Let j be ((-12)/(-3) - (33 - 33)) + (-40)/2. Let m(t) = 3*t - 2. What is m(j)?
-50
Let h = -10 - -14. Suppose -h*d - 5*g - 1 = 21, 2*d - g = -18. Let m be (d/(-3))/((-1)/3). Let t(y) = y**3 + 7*y**2 - 8*y + 2. What is t(m)?
2
Let m(h) = 5*h - 6. Suppose 3*r = -5*c + 113, 0 = -5*r + 5*c - 2*c + 143. Suppose -r = -17*p + 105. Calculate m(p).
34
Let i(w) = w**2 - 6*w + 3. Let k = 98 + -170. Let l be 7*(-7)/(196/k). Suppose -4*d + 5 - 2 = y, 3*y + 3*d - l = 0. What is i(y)?
10
Let g(m) = m**2 - 2*m - 13. Let s(z) = -629 + 20*z + 331 + 343. Let r be s(-2). Determine g(r).
2
Suppose 40 + 44 = -14*s. Let a be (-6 + 5)*36/s. Let g(w) = 6*w - 5. Give g(a).
31
Let c(y) = y**3 - 6*y**2 - 29*y - 430. Let o(f) = 4*f**2 + 14*f + 174. Let s(b) = -2*c(b) - 5*o(b). Give s(-4).
38
Let h(w) be the third derivative of -w**6/60 + 2*w**5/15 - 5*w**4/24 + w**3 - 537*w**2. Give h(3).
9
Suppose -43*g - 6*g + 98 = 0. Let l(m) = 81 + g*m**2 - 64 + 2*m**2 + 10*m - 3*m**2. Calculate l(-6).
-7
Let p(w) = -w**2 + 7*w - 3. Let u(d) = 14*d**2 + 165*d - 32. Let h be u(-12). Give p(h).
9
Let r(l) = l - 85. Let z be 0/(2 + 10 + -13). What is r(z)?
-85
Suppose -4*x + 5 = -11. Suppose 14 = s + x*c, -6*s + 3*s - 5*c = -21. Let l(r) = -3 - 8*r**s - r - 5*r**3 + 4*r**3 + 0*r**3. Give l(-8).
5
Let g = 16 + -10. Let l(b) be the second derivative of 1/2*b**3 - 2 - 4*b - 2*b**2. Determine l(g).
14
Let s be ((-588)/(-140) - (-9)/(-3))*40/(-6). Let t(p) = p**3 + 9*p**2 + 9*p + 8. Give t(s).
0
Let b(m) be the first derivative of 2*m**3/3 - 47*m**2/2 + 53*m + 2301. Give b(22).
-13
Let m(k) be the first derivative of -k**3/3 + 13*k**2/2 - 12*k - 1416. Calculate m(11).
10
Let s(v) = 7*v - 3*v - 8 - v + v**3 - 9*v**2 + 5*v. Suppose -13 - 30 = -9*c + 29. What is s(c)?
-8
Let w(j) = -6*j**2 + 7*j**2 - 3*j**2 - 84*j + 401 - 472. What is w(-41)?
11
Let c(h) = -27*h - 104. Let x(v) = 16*v + 53. Let k(u) = 3*c(u) + 5*x(u). Determine k(0).
-47
Let x be (12/(-15))/((-4)/10). Let k(w) = 2*w + 3. Let b(i) = -89 + i + 45 + 47. Let o(c) = 5*b(c) - 4*k(c). What is o(x)?
-3
Suppose 3*t + 9 = 2*m, -2*m + 4*t = -20 + 8. Let r(v) = -v**3 - 5*v**2 + 2. What is r(m)?
2
Let q(r) = -6980 - r**2 - 45*r + 13148 - 6521. Give q(-35).
-3
Let y be -1 + (-18)/(-16) + (-456)/64. Let m(w) = -44*w + 74. Let s(f) = 17*f - 25. Let o(u) = -3*m(u) - 8*s(u). Determine o(y).
6
Let i = -9186 - -9231. Let x(m) = -2*m + 97. Give x(i).
7
Let k be (-1 + 3)*21/42. Let i(l) be the first derivative of -l + 0*l**2 + 14/3*l**3 - 31. Calculate i(k).
13
Let n(g) be the third derivative of g**5/120 - 7*g**4/24 - 38*g**3/3 - g**2 - 25. Let p(c) be the first derivative of n(c). Calculate p(12).
5
Let l(q) = 6 - 171*q + 552*q - 387*q - q**2. Suppose -k + 4 = 3*k. Let g be k/(-2*(-1)/(-14)). What is l(g)?
-1
Suppose -a = 5*l + 16, -4 = -2*a - 4*l - 12. Suppose -a*o - 12 = 12. Let b(r) = -r**3 - 7*r**2 - 7*r - 2. Determine b(o).
4
Let z(p) be the first derivative of -p**5/60 + 7*p**4/24 - 2*p**3/3 + 13*p**2/2 - p - 65. Let g(d) be the second derivative of z(d). Give g(6).
2
Let s be 1/((-1)/(-60)*12). Let d(c) = -c**3 + 5*c**2 + 6*c + 5. What is d(s)?
35
Suppose -146 = 4*p - 2*c - 38, 5*p = 4*c - 126. Let g(a) = -8*a - 235. What is g(p)?
5
Let o(k) be the first derivative of k**2 - 1/6*k**3 - 12*k + 15 - 1/12*k**4. Let a(j) be the first derivative of o(j). Calculate a(-3).
-4
Let o(y) be the third derivative of y**5/60 + y**4/4 - y**3 - 6*y**2. Suppose 366 = -4*t + 86. Let q = -76 - t. Calculate o(q).
-6
Let t(p) be the second derivative of p**6/720 + 2*p**5/15 + p**4/6 - 37*p**3/6 + 3*p - 5. Let z(o) be the third derivative of t(o). What is z(-6)?
10
Let c(m) be the third derivative of 1/6*m**3 + m + 1/15*m**5 + 0 + 134*m**2 - 1/12*m**4. Calculate c(1).
3
Let c be 3*4/(-30)*-5. Suppose -c*y - 1048 = -4*u + 2*y, 2*u + 5*y - 517 = 0. Suppose -u*d + 6 = -263*d. Let v(h) = -7*h + 1. Give v(d).
22
Let l(c) = 34*c**2 - 298*c - 76. Let i be l(9). Let o(t) = -t**3 - 6*t**2 - 5*t - 5. Calculate o(i).
-17
Let f(g) = -3*g**2 - g + 2. Let p = -17 + 21. Suppose 4*n - 8 = p. Suppose -3*o + 3*m = -6*o - n, 2*o - 19 = 5*m. Determine f(o).
-12
Suppose -320 = -5*p + 37*p. Let j(m) = 7*m**3 + 20*m**2 + m - 15. Let r(x) = 11*x**3 + 30*x**2 + 2*x - 22. Let h(c) = 8*j(c) - 5*r(c). Calculate h(p).
10
Let w(k) be the second derivative of 3*k**3/2 - 44*k**2 - 301*k - 1. What is w(10)?
2
Let d(s) = s**2 + 16*s - 3. Let k(l) = -47*l - 298. Let c be k(-6). Calculate d(c).
-3
Let u(o) = -20*o**2 + 2*o + 2. Let r(j) = 2*j**3 - 16*j**2 + 13*j + 12. Let h be r(7). Let k be 35/h + (-8 - 0). Calculate u(k).
-20
Let a(l) = -5*l**2 + 3*l - 23. Let j(u) = -3*u**2 - u - 23. Let i(p) = 2*a(p) - 3*j(p). Determine i(-3).
-13
Let o(t) = t**3 + 3*t**2 + t + 2. Let x(v) = v + 14. Let u be x(-10). Let k be -4 - -9 - u - 4. Calculate o(k).
-1
Let x(l) = -l**3 - 5*l**2 - 4*l - 4. Suppose -535*p - 1480 = -165*p. Give x(p).
-4
Let z(w) be the second derivative of -w**5/20 + 3*w**4/4 - w**3/2 + 3*w**2 + 432*w + 1. Determine z(9).
-21
Suppose -101*p = -104*p + 33. Let x(d) = d**3 - 8*d**2 - 31*d + 12. Calculate x(p).
34
Let h(g) be the second derivative of 3*g**2/2 - 305*g. Let j = 18 + -7. Let y(u) = -u - 15. Let l(w) = j*h(w) + 2*y(w). Give l(3).
-3
Let c(k) = 7*k**3 + 3*k**2 - 2*k - 3. Let u(g) be the third derivative of -g**6/60 - g**4/24 - g**2 + 18*g. Let i(y) = -c(y) - 3*u(y). Give i(-4).
-1
Let u(v) = -6*v - 35. Let g(m) = -m**3 - 13*m**2 + 3*m - 3. Let k be g(0). What is u(k)?
-17
Let m be 7/((-98)/12)*7. Let v(d) be the third derivative of d**6/120 + d**5/10 - d**4/12 - 2*d**3/3 - 32*d**2. What is v(m)?
8
Let s be (-1)/(-4) - (-3)/(-12). Suppose -202*d = -208*d. Suppose d = 5*q - 5 - s. Let b(z) = -9*z**3 - 2*z**2 + 1. Give b(q).
-10
Let v be (-72)/(-48) + 193/(-2). Let p = -100 - v. Let f(u) = u**3 + 6*u**2 + 3*u + 3. Give f(p).
13
Let s(u) be the third derivative of u**5/60 + 5*u**4/24 - u**3/3 - 6*u**2. Let t be s(-5). Let j(d) = -10*d**2 - 2*d - d**2 + 2*d**2 + 6*d**2. Give j(t).
-8
Let u(o) be the third derivative of 20 - 1/3*o**3 + 1/120*o**6 + 2*o**2 + 0*o**5 - 1/24*o**4 + 0*o. Determine u(-3).
-26
Let i(c) = -9 + 206*c**2 + 481*c**2 - 18*c - 685*c**2. Determine i(10).
11
Let t(n) = -n**3 